Suppose 26*h - 64122 = 2464. What is the units digit of h?
1
Suppose 3*m + 3*h - 97926 = 0, m = -4*h + 44661 - 12031. What is the units digit of m?
6
Let s(y) = -19*y**2 - 13*y**2 + y + 10*y**2 + 208*y**3 + 51 - 207*y**3. Let o be (24 + -2)*(-1)/(-1). What is the units digit of s(o)?
3
Suppose 5*a + 4*j = 11576, 2*a + 4*j - 2328 = a. Suppose -3*x + 4*x - 461 = -2*c, -5*x - 3*c = -a. What is the hundreds digit of x?
4
Suppose 3*n - 2*s - 284 = 0, -4*n = 59*s - 62*s - 377. What is the units digit of n?
8
Let h(n) = -1237*n**3 - 2*n**2 + 13*n + 11. What is the hundreds digit of h(-1)?
2
Let b(q) = -11*q - 11*q - 34 + 24*q. Let z be b(17). Suppose -44*c + 47*c - 123 = z. What is the units digit of c?
1
Let l(g) = 5*g**2 - 14*g + 7. Suppose 0 = -15*b + 13*b + 16. Let t(a) = 3*a - 18. Let f be t(b). What is the units digit of l(f)?
3
What is the units digit of 2442/(-4)*(-720)/(-270)*(-2 - 0)?
6
Suppose -29*g + 6*v + 13992 = -28*g, 0 = 2*v - 4. What is the tens digit of g?
0
Suppose -3*s - 157 = 5*u, 5*u + 193 = -4*s - 18. What is the units digit of s/(-5 - -2)*(-8)/(-3)?
8
Let q be (0 + 106)*(-7)/(70/(-25)). Suppose -5*b = -5*i - q, 0*b - 38 = -b - 4*i. Let c = 145 - b. What is the units digit of c?
5
Let y be (-22)/6*(-2)/((-2)/(-21)). Suppose -5*u - 4*m + 367 = y, m - 5 = 0. Suppose u = 7*d - 2. What is the units digit of d?
8
What is the units digit of ((-6)/(72/(-483684)))/1?
7
Suppose -8*v + 0*v + 14168 = 0. Suppose -5*x - v = 5*z - 8*z, 0 = -z - 5*x + 557. What is the tens digit of z?
8
What is the units digit of ((-9175)/(-35))/((-13)/(-182))?
0
Let x(l) = -l**3 + 2*l**2 + l + 1. Let i be x(2). Suppose -i*q + 718 + 1379 = 0. What is the units digit of q?
9
Let g be (250/30 + -5)*21/2. Let x be (3/(-2))/(6/(-20)). Suppose x*v = 3*b - g, v = -4*b + 3*v + 70. What is the tens digit of b?
2
Suppose -19*q + 416 = -762. Let u = q + 164. What is the hundreds digit of u?
2
Suppose -8656 - 23396 = -7*n - 7307. What is the thousands digit of n?
3
Let r(n) = -n**2 + 4*n + 32. Let h be r(0). Suppose -h*d + 24 = -28*d. What is the tens digit of (-505)/(-7) + d/(-42)?
7
Let s(q) = -15*q + 8. Let c = -53 + 55. Suppose c*g = g - 6. What is the units digit of s(g)?
8
Suppose 1455 = 2*b - 7*b. Let c = 628 + b. What is the units digit of c?
7
Let s(o) = -4*o - 9. Let r be s(9). Let d = r + 47. Suppose -6*w + d*w = -240. What is the tens digit of w?
6
Let b = 40973 + -21707. What is the tens digit of b?
6
Suppose 19*w + 22852 - 440548 = 0. What is the thousands digit of w?
1
Let n = 602 + -323. Let f = n - -431. What is the tens digit of f?
1
Suppose -12*g + 6608 = -1408. Suppose 3*l = -l. Suppose l = 2*j + 2*j - g. What is the tens digit of j?
6
What is the ten thousands digit of (10 + -9 + 3631)*4/1?
1
Let o(j) = j**2 + 11. Let k be o(-13). Suppose -3*g = 4*t - 7*g + k, 4*t - 2*g = -170. Let u = -5 - t. What is the tens digit of u?
3
Let t(d) = 44*d - 32. What is the hundreds digit of t(9)?
3
Let v be (-72)/(-16)*(-3)/((-9)/(-8)). Let y = 40 + v. What is the tens digit of y/16*(-2 - -26)?
4
Let t = 54 + -54. Suppose t = 2*y + o + 6197, y + 5*o = -4*y - 15505. What is the units digit of ((-2)/6)/(12/y)?
6
What is the thousands digit of ((-445)/(-267))/((-15)/(-73503))?
8
Suppose 4*l = -n - 17, -5*l + 4*n + 0 + 5 = 0. Let i = l + 6. What is the tens digit of 10 - (-3 - -5 - i)?
1
Let c = 115713 + -74044. What is the units digit of c?
9
Let x = 29 - 17. Let c(w) = -w**3 + 11*w**2 + 16*w + 10. Let i be c(x). Suppose -b + 147 - i = q, q + 4*b = 89. What is the tens digit of q?
8
Suppose -2*b + 234 = 4*b. Let j = 193 - b. What is the units digit of j?
4
Let x = -39328 - -59500. What is the hundreds digit of x?
1
Let p(r) = r**2 + 9*r + 16. Let m be p(-7). Suppose -5 = -m*o + c, -2*o + c + 2 = -o. Suppose -y = -o*y + 162. What is the units digit of y?
1
Let o = -10297 - -20685. What is the ten thousands digit of o?
1
Let h = -69 - 3. Let v = h - -70. What is the units digit of (810/(-75))/(v/10)?
4
Let t(w) = -117*w**2 - w - 11. Let l(r) = -235*r**2 - 3*r - 22. Let j(z) = -6*l(z) + 11*t(z). What is the hundreds digit of j(-2)?
4
Let i be 2 - (1248/(-5))/((-2)/10). Let p = -489 - i. What is the tens digit of p?
5
Let u = -129 - -132. Suppose 3*j = 3*f - 240, 4*j + 250 = u*f + 3*j. What is the units digit of f?
5
Let y(o) = -2*o + 12. Let v(z) = z**2 - 5*z + 5. Let p be v(5). Let l be y(p). Suppose -3*t = 4*k - 279, l*k = -7*t + 2*t + 479. What is the tens digit of t?
9
Let z = -157 - -162. Let h(p) = 5*p**2 - 7*p + 9. What is the units digit of h(z)?
9
Suppose -3*z - 5 = -8*z. Let i(p) be the second derivative of 63*p**5/10 + p**4/6 - p**3/2 + p**2 - 36*p. What is the tens digit of i(z)?
2
Let j(a) = -32 - 59*a**3 + 58*a**3 - 9*a**2 + 5*a - 5*a**2 + a. What is the tens digit of j(-15)?
0
Let n = 2569 + 618. What is the tens digit of n?
8
Let u = -23883 - -40715. What is the tens digit of u?
3
Let y = -2014 + 3704. Suppose -2*i = -12*i + y. What is the units digit of i?
9
Let a(t) = -1. Let i(z) = -21*z. Let x(r) = 24*a(r) - 3*i(r). Suppose -312 + 268 = -11*o. What is the tens digit of x(o)?
2
Let t(j) = -j**2 + 9*j + 22. Let h be (88/(-16))/(1/(-2)). Let o be t(h). Suppose o = -a + 217 - 30. What is the hundreds digit of a?
1
Let a(v) = -v**3 + 3*v. Let i be a(0). Suppose 11*u - 1804 + 44 = i. What is the tens digit of u?
6
Suppose 0 = -8*o - 5 + 5. Let v = 2 - -1. Suppose 2*b + 5*k - 95 = o, 3*b - 165 = -0*b - v*k. What is the units digit of b?
0
Suppose 3*k - f - 10 = 0, -5*k + 2*k - 4*f + 35 = 0. Suppose -7*d = -5*j - 5*d + 2896, -j + k*d + 593 = 0. What is the tens digit of j?
7
Let w(r) = -r + 23 - 43 + 22. Let y be w(-4). Suppose 0 = y*f + 6*f - 276. What is the tens digit of f?
2
Suppose -2*p = 4*r + 3*p - 20, -3*p = -2*r + 10. Suppose 5*h - 4*o - 1603 + 493 = 0, -r*h = -3*o - 1105. What is the units digit of h?
8
Let y = 88 + -86. Suppose 5*r - 3*n - 367 = 0, -2*r = -2*n - y*n - 158. Suppose 311 = 3*m + r. What is the tens digit of m?
8
What is the units digit of 12/(-1)*(-594 + -84)?
6
Let h = -1165 - -2530. What is the units digit of h?
5
Suppose -k + 5*t + 8267 = 0, 30*k - 35*k + t = -41479. What is the tens digit of k?
9
Let l = -249 + 271. What is the hundreds digit of -10*6/(-330) + 4638/l?
2
Let k = -43 + -53. Let o = k + 161. Suppose -a = -o - 14. What is the units digit of a?
9
Let a(j) = 15 + 179*j**3 - 1 - 2*j**2 - 4*j - 4. Let k be a(2). What is the hundreds digit of k/(-31)*10/(-4)?
1
Suppose -1 - 3 = -c. Let m = 100 + -5. Suppose c - m = -z. What is the tens digit of z?
9
Let a be (-14 + -403)/((-3)/20). Suppose -3*x - 1116 = -2*d - 0*d, 0 = 5*d - 5*x - a. Suppose -5*m + d = m. What is the tens digit of m?
9
Let k(j) = -2*j**3 - 23*j**2 - 20*j + 16. Let o be k(-11). Suppose o*t = 121*t - 2868. What is the hundreds digit of t?
4
Let a(i) = i**3 - 6*i**2 + 11*i + 3. Let g be a(5). Suppose -g*q = 3134 - 19436. What is the tens digit of q?
9
Let b(v) be the first derivative of -5*v**2/2 - 62*v + 61. What is the units digit of b(-19)?
3
Let a = 2344 + -1032. Suppose 2*l + 4*k = 462, 5*l + 148 - a = -k. What is the tens digit of l?
3
Suppose -39 = -12*b - b. Suppose -2*x = 1 + b. What is the units digit of x/(-11) + 3620/55?
6
Let c(h) = -h - 8. Suppose w + 0*y - 3*y = -4, 74 = -5*w - 3*y. Let s be c(w). Suppose s*g - 449 = -3*z, 4*g - 360 = -0*z - 2*z. What is the units digit of g?
1
Suppose 4*b = 27 - 11. Suppose c - b*c = -57. Let h = 86 - c. What is the tens digit of h?
6
Suppose -2*w = 3*b - 19004 - 43929, 377530 = 18*b - 5*w. What is the hundreds digit of b?
9
Suppose -4*j + 4*y + 7984 = 0, -63*j + 4*y - 3980 = -65*j. What is the hundreds digit of j?
9
Let d = 1194 - -1445. Suppose 4*s - 8*s + 4*y = -2612, -5*y = 4*s - d. What is the hundreds digit of s?
6
Suppose -5*y + 29569 = -39*q + 41*q, 3*q = 4*y - 23669. What is the hundreds digit of y?
9
Let f be (3/6)/((-1)/24). Let o be ((-3)/(-2))/(f/(-16)). Suppose o*n + 2*n = 416. What is the hundreds digit of n?
1
Suppose 3*j - 43995 = 2*x, 0 = -3*j + 3*x + 31524 + 12468. What is the tens digit of j?
6
Let r(v) = 4*v**2 - 226*v - 5409. What is the tens digit of r(120)?
7
Let j(p) be the first derivative of 59*p**2/2 + 35*p + 2. Let m be j(6). Suppose -4*t = 5*u - m, -5*u + t - 78 = -487. What 